y/(-6) - 3). List the prime factors of 27/(-2 - (4 - l)).
3
Suppose 16*d + 6*d = -11*d + 48576. What are the prime factors of d?
2, 23
Let k(f) = -78*f - 41 + 22 + 4. List the prime factors of k(-7).
3, 59
Let f(q) = 37*q**2 + 11*q + 5. Let r be f(-4). Suppose 337 + r = 5*l. Let m = -121 + l. What are the prime factors of m?
3, 19
Suppose 0 = -6*k + 15149 - 461. Let m = k - 1300. What are the prime factors of m?
2, 7, 41
Let n(k) = -143*k - 367. Let v be n(-13). Suppose 337*g - v = 336*g. List the prime factors of g.
2, 373
Suppose 170*x = 191*x - 148554. What are the prime factors of x?
2, 3, 131
Suppose j = -0*j. Let p(g) = 2*g**3 - 28*g**2 - 26*g - 22. Let z be p(15). Suppose -33*r + z*r - 180 = j. List the prime factors of r.
2, 3
Let n = -8325 + 13890. What are the prime factors of n?
3, 5, 7, 53
Suppose -7*a + 9*a = 352. Suppose -2*u + 2*g + 2*g = -a, g + 366 = 4*u. Suppose -82 - u = -3*z. List the prime factors of z.
2, 29
Suppose 16*g = -41*g + 40*g + 431069. What are the prime factors of g?
25357
Suppose 5*v - 22*v + 1564 = 0. Let g = 99 - v. Suppose -2*p + g*p + 7 = -2*z, -4*z + 2*p = -22. List the prime factors of z.
2
Suppose 601*o - 44250855 = 8048110 - 7753446. What are the prime factors of o?
19, 47, 83
Let n be (-98)/10 + ((-88)/(-10) - 9). Let l(j) = 4*j**2 + 14*j - 20. List the prime factors of l(n).
2, 3, 5
Suppose 2*v + 5*a - 14 = 0, -5*v - 2*a + 5 = -9. Suppose w = -2*i + 2026, v*w - 10 = -3*w. What are the prime factors of i?
2, 11, 23
Let h(q) = 630*q**3 + 2*q**2 + 2*q - 3. Let y be h(1). What are the prime factors of y/(-1)*27/(-27)?
631
Let u = 192 - 190. Suppose 6*p - 4*p - 924 = -2*c, u*c - 4*p - 924 = 0. What are the prime factors of c?
2, 3, 7, 11
Suppose -8*z + 21 = -19. Suppose b + 392 - 113 = u, -5*b = z. List the prime factors of u.
2, 139
Let l be (78/(-1))/((-183)/610). Let h(q) = 9*q**2 + 3*q. Let p be h(-3). Let u = l - p. What are the prime factors of u?
2, 47
Suppose 2*b = -2*k + 8822, -k + 0*b + 4411 = -3*b. List the prime factors of k.
11, 401
Let z(h) = -5173*h + 339. What are the prime factors of z(-7)?
2, 5, 17, 43
List the prime factors of ((-33)/(297/(-48804)))/((-2)/(-12)).
2, 7, 83
Suppose 17*d + 732480 = 101*d. What are the prime factors of d?
2, 5, 109
Suppose -18*r = -19 + 91. Let b(q) = 39*q**2 - 26*q - 97. What are the prime factors of b(r)?
631
Let t = -8562 + 27537. What are the prime factors of t?
3, 5, 11, 23
Let k(d) = -11*d**3 - 18*d**2 + 20*d + 126. What are the prime factors of k(-8)?
2, 3, 13, 19
Suppose 2*u = 69 - 93. Let v be -2 - u/(-8)*(-12)/9. Suppose v*f = 5*f + k - 722, 442 = 3*f + 5*k. What are the prime factors of f?
2, 3
Let i(s) = 20*s - 49. Let f be i(11). Let b(z) = -7*z**3 - 2*z**2 + 1. Let y be b(-1). Suppose 0 = 3*d - y*d + f. What are the prime factors of d?
3, 19
Suppose 127 - 15 = 7*v. Suppose v*b - 3708 = -636. Let s = -92 + b. What are the prime factors of s?
2, 5
Let s = -22596 + 31726. What are the prime factors of s?
2, 5, 11, 83
Suppose 4*f = 2*f + 4. Suppose f*h + 2*h + 636 = 0. What are the prime factors of h/(-2) + 8/(-16)?
79
Let z be (-18)/30 - (-13)/5. Suppose -2*l = 6*l - 3*l. Suppose 5*o = 4*d - l*d + 608, 0 = -4*o + z*d + 484. What are the prime factors of o?
2, 3, 5
Let z = -715 + 718. Suppose 10*u = 5*u - 4*k + 3134, -z*u + k = -1877. List the prime factors of u.
2, 313
Let t(h) = 70*h**3 + 11*h**2 + 11*h - 25. What are the prime factors of t(4)?
5, 11, 17
Let g be 10/(-35) - ((-257228)/(-28) - 3). What are the prime factors of (-4)/(-6) + g/(-84)?
2, 5, 11
Suppose 0 = 285*r - 265*r - 29760. List the prime factors of r.
2, 3, 31
Let w be ((-6)/(-9))/(3/90). Suppose -w = -0*p + 5*p. What are the prime factors of (-13 - -11 - 30/p)*14?
7, 11
Suppose 4*h - 1899 = -435. Let z be 8/28 + (-5 - (-450)/42). Suppose z*k - h = 60. What are the prime factors of k?
71
Suppose 21*b - 18*b - 24 = 0. Suppose -b*y + 60 = -5*y. What are the prime factors of y?
2, 5
Let z(y) = -23 - 4*y + 5*y**3 + 13*y - 6*y**2 - 5*y + 5*y. List the prime factors of z(5).
7, 71
Let d = -326 - -3288. Suppose -4*j + 5924 = -5*s, 2*j - d = s - 3*s. What are the prime factors of j?
1481
Let h(d) be the first derivative of d**4/4 - 13*d**3/3 - 5*d**2/2 - 7*d - 174. Let q = -2 - -16. What are the prime factors of h(q)?
7, 17
Let s(i) = -i**2 + 8*i - 3. Let y be s(7). Suppose -3*w + 3*m = y*m + 186, -3*m = w + 70. Let j = w + 84. List the prime factors of j.
23
Let m be 10/60*12 + 2. Let d(o) be the first derivative of o**3 - o**2 - 12*o - 1. List the prime factors of d(m).
2, 7
Let t = 12105 + -9551. List the prime factors of t.
2, 1277
Suppose 4*z - 13 - 19 = 0. Suppose -4*m - z = 0, -5*v + 0*v = 5*m. What are the prime factors of -1 - (v - (22 - -2))?
3, 7
Let x = -2213 + 3180. Suppose w = -2*b + 197, -b = -5*w - 2*b + x. Let g = w - 116. List the prime factors of g.
7, 11
Suppose -3*a + 4122 = 2*x, -2*x + 38*a = 33*a - 4138. What are the prime factors of x?
2, 3, 43
Suppose 10*v = 182 - 152. Suppose -2*n + 5*a = -n - 218, -v*n + 726 = 3*a. List the prime factors of n.
2, 7, 17
Let w be (-25)/5*64/(-10). Suppose -4*l = p, -7*p + 11*p - 14 = -2*l. Suppose 296 = p*k - w. What are the prime factors of k?
2, 41
Suppose -939 = 12*y + 1605. What are the prime factors of 36/(-3)*y/12?
2, 53
Suppose 6*t + 29574 = 21*w - 17*w, t - 36976 = -5*w. List the prime factors of w.
3, 5, 17, 29
Let f(w) = w**2 - 14*w + 657. Suppose 0 = 3*k - 0*k. List the prime factors of f(k).
3, 73
Let a = 396 + -318. Let j = a + 250. What are the prime factors of j?
2, 41
Suppose -24244 = -17*y + 27368. What are the prime factors of y?
2, 3, 11, 23
Suppose -c + 62927 = 5*h, -18*c = -5*h - 16*c + 62921. What are the prime factors of h?
3, 5, 839
Let a(l) = 2234*l + 4. Let c be a(-1). Let y = -1343 - c. What are the prime factors of y?
887
Let c(u) = 9*u - 64. Let d = 6 - 2. Suppose -d*t = 3*b - 6*t - 59, -2*t + 74 = 4*b. What are the prime factors of c(b)?
107
Let r = 1025 - -4862. List the prime factors of r.
7, 29
Suppose 690698 = 90*v - 202290 + 159398. List the prime factors of v.
3, 11, 13, 19
List the prime factors of ((4 + -3)*2/2)/((-71)/(-249423)).
3, 1171
Let p(y) = -y**3 + y**2 - 10*y - 20. Let i be (30/6)/1 - (18 + -3). What are the prime factors of p(i)?
2, 5, 59
Let s be (-5)/(150/(-34944)) + (-7)/(-35). Suppose 0 = -k + 554 + s. What are the prime factors of k?
3, 191
What are the prime factors of 7 + -8 + (-1 - -2) + 63159?
3, 37, 569
Let s(z) be the second derivative of -z**5/20 - 11*z**4/12 + 5*z**3/6 - 25*z**2/2 - 2*z. Let h = -265 + 253. What are the prime factors of s(h)?
59
Let f = -14694 - -33097. What are the prime factors of f?
7, 11, 239
Suppose 0 = -g - 4*p + 21361, 4*p = -17*g + 14*g + 64099. List the prime factors of g.
3, 17, 419
Let x(f) be the first derivative of -f**4/4 + 10*f**3/3 + f**2 + 23*f + 60. What are the prime factors of x(9)?
2, 61
Suppose 5*y - 8 = y. Suppose -340 = -2*w - 3*t - 48, -2*w = -3*t - 292. Suppose -y*u + p + 77 = 6*p, 5*u - w = 3*p. List the prime factors of u.
31
Suppose g - 4495 = 1397. What are the prime factors of g?
2, 3, 491
Let t be 0/((-4)/(-5) - (-14)/(-5)). Suppose t = 2*i - 3*r - 403, 5*i - 878 = 2*r + 102. List the prime factors of i.
2, 97
Suppose -5*y = 5*d + 25, 6*y - y = -15. Let r be (-16)/(-4) + (62/d - -1). What are the prime factors of (-4)/r*-1 + (-3774)/(-26)?
5, 29
Suppose -18*b - 11*b = -318014. Suppose -1440 + b = 11*m. List the prime factors of m.
2, 433
Suppose 5*q - 11*j - 12650 = -16*j, 4*q - 3*j - 10106 = 0. Suppose 7*f - 1812 = q. What are the prime factors of f?
2, 5, 31
Let x(i) = -5*i**2 + 5*i + 4. Let r = 49 + -50. Let q be x(r). List the prime factors of (0 + 93)/((-6)/q).
3, 31
Let p = 3979 + -1276. What are the prime factors of p?
3, 17, 53
Let i be (-3)/((-27)/(-6))*-9. Let g be (2/(-3))/(i/27) + -312. Let p = g + 457. What are the prime factors of p?
2, 71
Let y be 3/(9/6) + 67. Suppose y = 4*z + 53. Suppose -3*t - z*t = -889. What are the prime factors of t?
127
Let s = 22 - -3035. Suppose 0 = 34*d + s - 51677. What are the prime factors of d?
2, 5, 11, 13
Let o = 4565 + 1145. List the prime factors of o.
2, 5, 571
Let k = 1733 + 49. Suppose 4*f = 2*h + h - 1758, -3*h = 4*f - k. List the prime factors of h.
2, 5, 59
